ose -v = -0*v. Suppose -2*d + 3*d - 6 = v. What is the units digit of d?
6
Suppose -3*l - 3*k + 633 = 0, -4*k + 200 = 5*l - 857. What is the hundreds digit of l?
2
Suppose -366 = -5*p - p. What is the tens digit of p?
6
Let y = 18 - 17. What is the tens digit of (y + -4)/((-2)/22)?
3
Suppose 2*m + 14 = -3*w, 5*w - 3*m = -26 + 9. Let b = w - -4. Suppose 3*c - 15 = -b*c. What is the units digit of c?
5
Suppose 2*y - 102 = y. Suppose 0 = 4*v - v - y. What is the units digit of v?
4
Let l(y) = -y**3 - 4*y**2 + y + 3. Let m be ((-8)/10)/((-2)/(-10)). Let s be l(m). What is the units digit of (s - 2)/(1/(-3))?
9
Let i be 4 + 0 + (-1 - 0). What is the units digit of 2*i/4*6?
9
What is the tens digit of 11/33 + (-578)/(-3)?
9
Let u(y) be the first derivative of y**3/3 + 7*y + 2. What is the units digit of u(5)?
2
Suppose -5*b + 25 = -3*a, -4*b + 2*a + 20 = 3*a. Suppose 2*s + 5*x = 7*s + 50, b*s - 4*x = -48. Let j = s - -16. What is the units digit of j?
8
Suppose t - 23 = 4. What is the tens digit of t?
2
Suppose -8*u = -3*u - 15. Suppose s + u*s - c - 40 = 0, -2*s - 3*c = -34. What is the units digit of s?
1
Suppose 0*a + 3*a + 4*o - 272 = 0, 242 = 3*a - 2*o. What is the tens digit of a?
8
Suppose -6*q = -q - 10. Suppose 4*t - 32 = 2*t - q*j, -4*t + 62 = 5*j. What is the tens digit of t?
1
Suppose -2*r = -l + 2*r - 530, -2120 = 4*l + 3*r. What is the units digit of l/(-40) - 2/8?
3
Suppose 2*a + 2*a = 84. Let p = a - 2. What is the tens digit of p?
1
Let q be -3 + 4/((-12)/(-33)). Suppose -q*n + 3*n + 110 = 0. What is the tens digit of n?
2
Let j = 6 + 4. Suppose 4*r + w - 18 = 4*w, -w = -2*r + j. What is the units digit of r?
6
Suppose 4*k + 75 = k. Let m = k + 60. Suppose -2*t - 3*t + m = 0. What is the units digit of t?
7
Let y = -3 - -7. Suppose -y = -b + 21. What is the tens digit of b?
2
Let s(r) = r**3 + 6*r**2 - r - 3. What is the tens digit of s(-4)?
3
Let f be (-3)/(-3) - 0 - -2. Suppose -q - 25 = -6*b + 4*b, f*q = 3*b - 45. Suppose h = d + 3*h - b, 2*h = d + 6. What is the units digit of d?
2
Let b(x) = x - 4. Let u be b(5). What is the units digit of u - 5/((-5)/8)?
9
Let t(a) = 4*a + 0*a + a**3 + a**2 + 0*a**2 + 3 - 3*a. Let k be t(0). Let h = -1 + k. What is the units digit of h?
2
Suppose 5*d = -5*i + 310, 3*d - 261 + 61 = 4*i. What is the tens digit of d?
6
Suppose 0 = 4*g - 137 - 7. What is the units digit of g?
6
Let r(u) = -2*u - u**2 + 4*u - 6*u + 5 + 0*u**2. What is the units digit of r(-4)?
5
Let y = 22 + -27. Suppose -d + 0*j + 5*j + 34 = 0, -j = 5. Let s = d + y. What is the units digit of s?
4
Let x = -36 + 61. What is the tens digit of x?
2
Let z = 7 - 5. Suppose 8 = z*k - 0*k. Let j = 11 + k. What is the tens digit of j?
1
Suppose -3*m + 2*v + 14 = -5*m, 4*m + 2*v + 34 = 0. Let l = 0 - m. Suppose 0 = 2*f - l + 2. What is the units digit of f?
4
Suppose -3*j - 311 = -1151. What is the tens digit of j?
8
Let h be (-1)/3 - (-26)/(-3). Let i be (-87)/h - 6/9. What is the units digit of (-4)/6 - (-24)/i?
2
Let s(l) = 17*l + 6. What is the tens digit of s(9)?
5
Let s(r) = -6*r + 39. What is the units digit of s(-24)?
3
Suppose -2*u = -4*t - 22, 0*u + 10 = 5*u + 5*t. What is the units digit of u?
5
Let z(b) = -b + 9. Let i(r) = -r**3 + 1. Let m be i(1). What is the units digit of z(m)?
9
Let y(t) = -94*t - 1. What is the tens digit of y(-1)?
9
Suppose 0 = -3*w - t + 47, -4*t = 2*w - 8*t - 50. What is the tens digit of w?
1
Suppose 0 = -j + 48 + 14. What is the tens digit of j?
6
Let k(a) = -6*a - 34. What is the units digit of k(-15)?
6
Suppose -7 = -f - 4. Suppose -a + 3*a + 3*t = 28, 36 = 3*a + f*t. What is the units digit of a?
8
Let v(f) = 229*f**2 - 3*f + 2. What is the hundreds digit of v(1)?
2
Let q(z) = 2*z + 8. What is the units digit of q(7)?
2
What is the tens digit of (-36 + -14)*(-2)/4?
2
What is the units digit of (-3)/(-1) + (-113)/(-1)?
6
Let f = 8 + 12. Let b = 22 - f. What is the units digit of b?
2
Let i(x) = -x**3 - 8*x**2 - 10*x + 1. What is the tens digit of i(-7)?
2
Let o = 187 + -108. What is the tens digit of o?
7
Let f = -5 + 38. What is the tens digit of f?
3
Let z = 6 - 7. Let t be -1 - ((-1)/z - 0). What is the units digit of (-3 - t)/((-2)/12)?
6
Let u(d) = -d**3 - 12*d**2 - 18*d - 7. What is the units digit of u(-12)?
9
Let c = -128 - -215. What is the tens digit of c?
8
Let a = -24 - -41. What is the tens digit of a?
1
Suppose d - 22 = 16. Suppose 2*v = -2*r + d - 10, -3*v + r + 26 = 0. What is the tens digit of v?
1
Let h be 3 + (3 - -1)/(-4). What is the tens digit of -1 + (6 - h - -28)?
3
Let f be (-5 - -4) + (0 - -1). Suppose f = 2*v + 2*q - 12, 0 = -2*v + 3*v - 5*q - 12. What is the units digit of v?
7
Let r(n) = -n**3 - 12*n**2 - 11*n + 3. Let h be r(-11). Suppose 0 = c - h*c - z + 95, -2*c + 75 = -3*z. What is the tens digit of c?
4
Let i = 622 + -342. What is the tens digit of i?
8
Let l(m) = -15*m + 2. Let k be l(-1). Suppose i - 3*i + q + 37 = 0, -q = i - k. What is the tens digit of i?
1
Let n be 3/6 - (-7)/2. Suppose 4*q - n = 4*u - 7*u, 5*q - 12 = -2*u. Suppose 0*b + q*b - 28 = 0. What is the units digit of b?
7
Suppose 0 = l - 2*l. Suppose -o + l = -1. What is the units digit of -2 + 4 + -1 + o?
2
Let i = 11 + -7. Suppose -n = -i*n - 3. Let h(z) = 7*z**2 + 1. What is the units digit of h(n)?
8
Let p(w) = 3*w + 7. Suppose -15 = -5*v + t + 10, t = -4*v + 11. What is the units digit of p(v)?
9
Suppose 3*q - 27 = -4*x, 2*x + 0*q = 3*q + 27. What is the units digit of x?
9
Suppose z = -3*z + 144. Suppose u = z - 7. What is the tens digit of u?
2
Let x = 18 + 0. Let v = x + -6. What is the units digit of v?
2
Suppose 0 = 5*r + 2*r - 1281. What is the hundreds digit of r?
1
Let r(h) be the second derivative of h**4/12 + h**3 + 7*h**2/2 + 4*h. Suppose -2*n + 4*o = -4*n - 22, -4*n - o - 23 = 0. What is the units digit of r(n)?
2
Let w(o) = -18*o. Let z = -4 - -3. What is the tens digit of w(z)?
1
Let i(g) = 20*g + 9. What is the hundreds digit of i(15)?
3
Suppose -3*d = -z + 5, -2*d = z + 3*z + 22. What is the units digit of 6*d/(-12)*2?
3
Suppose 0 = 5*a + 65 - 400. What is the units digit of a?
7
What is the units digit of ((-5)/10)/(1/(-420))?
0
Let v(h) = 9*h. Let g be v(-1). Let i = 13 + g. Suppose o = 2*s - 32, i*o = -5*s + 3*o + 87. What is the tens digit of s?
1
Let u(z) = z + 22. What is the units digit of u(13)?
5
Suppose 2*s - 12 = -s. Suppose -5*k = -s*t - 245, -4*k + 2*t - 6*t + 232 = 0. What is the tens digit of k?
5
Suppose -g + 0 + 2 = 0, -3*h + 4*g = -4. Suppose 68 = 3*k - 2*y + 25, 0 = -h*k - 4*y + 84. What is the units digit of k?
7
Let w(x) = 4*x**2 - 6*x + 3. Let d(u) = 7*u**2 - 12*u + 6. Let k(g) = -3*d(g) + 5*w(g). What is the units digit of k(3)?
6
Suppose -7*y + 2*y = -20. What is the units digit of ((-4)/7)/(y/(-14))?
2
What is the tens digit of 481/13 - -3*1?
4
Let j(m) = -m**2 + 3*m + 4. Let d be j(4). Suppose d = 3*q + 6, 3*q = -2*c + 4*q + 18. Let n = 13 - c. What is the units digit of n?
5
Let k(h) = -2*h - 15 - 5*h - 1 + 1. What is the tens digit of k(-6)?
2
Let g be 0/4 - (2 + -7). Suppose 2*f - f = g. What is the units digit of f?
5
Let y(q) = q**2 + q - 7. What is the units digit of y(-4)?
5
Let u(f) = f + 2. Let b be u(-2). Suppose -2*c + 0*c = -3*n + 4, b = 2*n + 5*c + 10. What is the units digit of (n + -2)/(-2) + 0?
1
Let d = 48 + 50. What is the units digit of d?
8
Suppose -2*w + 466 = -4*i + 1402, -2*i - 4*w = -448. What is the hundreds digit of i?
2
Suppose -11 = -p + 17. What is the units digit of p?
8
Let l be -1 - (-4 - (0 + -2)). Suppose f - 22 = 4*v, -f = 5*v - l + 15. Let p = 8 - f. What is the units digit of p?
2
Let k be (-10)/(-3 + 1) - 3. Suppose 0*t - k*t = -12. What is the units digit of t?
6
Let i = 2 + 13. Suppose 5*k - i = 10. Suppose z - k*z = -72. What is the tens digit of z?
1
Let y(r) = 16*r**2 + 3*r + 1. What is the units digit of y(2)?
1
Let n(y) = -1. Let b(z) = -5*z + 2. Let a(f) = -b(f) - n(f). What is the tens digit of a(4)?
1
Suppose b - 6*b = 5*q - 245, -4*q - 218 = -5*b. What is the tens digit of b?
4
Suppose -8*t + 6*t = -70. What is the tens digit of t?
3
Suppose 0 = -4*s + s + 792. What is the units digit of s?
4
Let t = 924 - 603. What is the hundreds digit of t?
3
Let c(z) = 6*z - 1. What is the units digit of c(1)?